
4
Let u(j) = 5*j - 12. Let l be u(3). Suppose -3*k - 5*h = -l*h - 23, 49 = 5*k - 2*h. Let t(i) = i**2 - 10*i + 3. What is t(k)?
-6
Let j(t) = t**2 + 6*t - 6. Let u = 23 - 2. Suppose -9 = 5*x + u. Calculate j(x).
-6
Let s(l) = -l**3 + 2*l**2 - l. Let n be 15/105 - (-1)/(-14)*-26. What is s(n)?
-2
Let t(q) = -2*q**2 + 2*q + 6. Let y(x) = -x**2 - x. Let n(f) = -t(f) + y(f). Let p = -10 - -16. Give n(p).
12
Let y(b) be the first derivative of b**2/2 + 12*b + 28. What is y(-6)?
6
Let k(n) = n**2 - 6*n - 1. Let f be k(1). Let h(r) = -3*r + 3. Let o(x) = 4*x - 4. Let w(a) = 7*h(a) + 5*o(a). Calculate w(f).
7
Suppose 5*x = -3*l + 18, -l + 4 = 17*x - 16*x. Let g(m) = 2*m**2 - 3*m + 3. Calculate g(x).
12
Let c(l) = -l - 9. Suppose -5*d + w = -45, 5*d + 8*w - 3*w - 75 = 0. Let n = -11 + d. Let y(x) = x**3 + 2*x**2 - 1. Let z be y(n). Give c(z).
-9
Suppose -13 = -4*a + 79. Let j = -20 + a. Let i(u) = 2*u - 3*u + 2 + j*u**2 - 7*u - 2*u**2. What is i(7)?
-5
Let i(t) = -11*t**3 + 14*t**2 + 6*t - 6. Let v(u) = 2*u**3 - u**2 + u - 1. Let w(l) = -i(l) - 5*v(l). Calculate w(10).
1
Let u = 3 + 1. Let w be -2*u/8 + -5. Let i be (w/(-2))/(3/(-4)). Let g(b) = -b**2 - 5*b + 1. What is g(i)?
5
Let s(u) be the second derivative of -41*u + 1/10*u**5 + u**2 + 0*u**3 + 1/6*u**4 + 0. Determine s(-2).
-6
Let m(b) = 3*b**2 + 6*b + 4. Let x(q) = q**2. Let a(g) = -m(g) + 4*x(g). Let t(w) = -w**2 - 9*w - 9. Let v = -40 + 33. Let p be t(v). What is a(p)?
-9
Suppose 2*w - 2*s - 2*s = 6, -4*s = 2*w - 14. Let t(b) be the third derivative of -b**4/24 + 2*b**3/3 + 3*b**2. What is t(w)?
-1
Let n(z) be the third derivative of z**4/24 - 13*z**3/6 + 17*z**2. Let y be n(7). Let t(p) = -1 + 12*p - 13*p + 1. Calculate t(y).
6
Let n be 6/(-4)*(-28)/21*2. Suppose -6*s - 4 = -n*s. Let y(h) = -h - 1. Give y(s).
1
Let l(n) be the second derivative of n**4/4 + n**3/3 - n**2 + 4483*n. Let r = -2 - 0. Determine l(r).
6
Let h(t) = -4*t**2 - t - 3. Suppose 70 = 27*q + 16. Determine h(q).
-21
Let v(o) = -183*o + 22. Let l(k) = 170*k - 20. Let r(n) = -14*l(n) - 13*v(n). Suppose -5*y - 25 = -0*y. What is r(y)?
-1
Let g(s) = 9*s**2 - 2*s - 5. Let k(d) = -d**2 + 1. Let j = -61 - -60. Let b(a) = j*g(a) - 4*k(a). Give b(-1).
-6
Let n(c) = 3*c**3 - c**2 + c. Let y(l) = -19*l**3 - 3*l**2 - 5*l + 9. Let x(m) = -6*n(m) - y(m). Determine x(-9).
0
Let c(x) be the third derivative of -1/60*x**5 + 0 - 16*x**2 + 0*x - 1/12*x**4 + 1/2*x**3. Determine c(-3).
0
Let p be (-60)/8*(-12)/10. Suppose 0 = -3*w - p - 6. Let k(i) be the first derivative of -i**3/3 - 3*i**2/2 + 2*i + 3. What is k(w)?
-8
Let p be 0/(-3*6/(-9)). Let g(m) = -m + p*m - 3 + m - m. Suppose 2*n + 5*o + 23 = 30, 5*n = -2*o - 14. Give g(n).
1
Let b(d) = -5*d**2 + 12*d - 38. Let s(t) = -t**2 + 3*t - 9. Let z(p) = 2*b(p) - 9*s(p). Give z(3).
-13
Let b(z) = 5*z**2 + z**3 - z**2 - 2*z + 3 - 3*z**2. Let l(m) = -m + 17. Let u be l(11). Let o be (u/4)/(1/12*9). Give b(o).
11
Let t(u) = u**2 + 2*u - 5. Let g = 175 + -85. Let f be (4/(-6))/(15/g). Give t(f).
3
Let m = -1523 - -1521. Let o(v) = 12*v - 3. Give o(m).
-27
Suppose 111 = 12*y - 33. Suppose -y = -3*q + 5*f, -4 = 2*q - 3*q - f. Let s(w) = -w**2 + 3*w. Determine s(q).
-4
Let t(v) = -4*v**2 - 6*v**2 + 12 + 7*v**2 + 10*v - 5 + 2*v**2. What is t(11)?
-4
Let i(s) be the third derivative of 5*s**4/8 + s**3/6 - 8*s**2. Let h be 1*-1 - (0/(-14))/(-7). Determine i(h).
-14
Let o(w) = w + 4. Let m(n) = -4*n - 21. Let c(z) = 2*m(z) + 11*o(z). Determine c(-2).
-4
Let r(k) = -k**3 + 3*k**2 + 7*k - 6. Let a be r(4). Let g(c) = 56520*c + 0 + 0 + 2 - 56526*c + c**2. Calculate g(a).
2
Let f = 12 - 9. Let b = -42 + 42. Let s(n) = -f*n + 1 + b + 4*n. What is s(5)?
6
Let f(j) = -3 + 3 - j + 0 + 3. Let h be 3/(-6)*2 - -7. What is f(h)?
-3
Let q(z) = 2*z - 1. Let y be q(3). Let j(m) = -1 - 5*m + y*m + 4*m. Give j(4).
15
Let g(u) be the first derivative of 7/2*u**2 - 1/3*u**3 - u - 5. Let c be (27/6)/((-30)/(-40)). Calculate g(c).
5
Let p be -15*4/(-36)*3. Let k(y) = 5*y**2 + 7*y - 7. Let o(b) = 4*b**2 + 7*b - 6. Let x(h) = -5*k(h) + 6*o(h). Determine x(p).
9
Suppose -y - 1 + 3 = 0. Let t(k) be the third derivative of k**7/2520 - k**5/120 - 23*k**4/24 + 5*k**2. Let r(d) be the second derivative of t(d). Give r(y).
3
Let n(v) be the second derivative of -v**6/120 + v**5/12 + 5*v**4/24 - 5*v**3/6 + 7*v**2 - 15*v. Let y(o) be the first derivative of n(o). Give y(6).
-11
Suppose -15 - 45 = 6*x. Let t(k) = k + 4. Let u be t(x). Let n(i) = i**3 + 7*i**2 + 6*i - 6. Determine n(u).
-6
Let m(h) = h**3 + 5*h**2 + 4*h - 1. Let q be m(-2). Let a(d) = -2*d**3 + 7*d - 2*d**2 - 18*d + 10*d + q*d**2. Calculate a(1).
-2
Let f = -27 + 30. Suppose 5*h + 8 = i, 3*i - 3*h - f - 9 = 0. Let g(y) = -2*y**3 + 3*y**2 + 5*y - 3. Calculate g(i).
-15
Let p(z) = -z. Let v(r) = -3*r - 1. Let m(j) = -5*p(j) + v(j). Give m(-7).
-15
Let z(i) = i - 13. Suppose -5*j - 12 + 0 = -4*n, -3*n - 3*j = -36. What is z(n)?
-5
Let i(b) = -2*b**2 + 0*b**2 - 14*b + b**2 + 5 + 21*b. Determine i(7).
5
Let b = 25 + -15. Let d = 5 + b. Suppose -3*s - d = 2*s. Let n(p) = -2*p - 3. What is n(s)?
3
Let a(q) be the third derivative of -q**6/120 + q**5/20 + q**4/4 - 2*q**3/3 - q**2 - 9. What is a(4)?
4
Let d(h) = -h**2 + 10*h - 6. Let r be (9/12 - 4/(-16)) + -12. Let q(x) = 2*x**2 - 19*x + 12. Let y(z) = r*d(z) - 6*q(z). Let u be (2/(-2))/(1/(-5)). Give y(u).
-11
Let f(z) be the second derivative of -2*z**3/3 - 2*z. Suppose 8*w = 4*w + 36. Suppose 4*p = -5 + w. Give f(p).
-4
Let z(n) = 21*n**3 + n**2 - n. Let a be 15*-2*(-66)/20. Let s = -98 + a. Determine z(s).
21
Let i = 463 + -470. Let s(k) = k**3 + 7*k**2 + 2*k + 2. Give s(i).
-12
Let i(o) be the first derivative of -o**4/4 + 4*o**3/3 + 3*o**2/2 - 5*o + 86. Suppose -3*w + w = -8. Determine i(w).
7
Let n(p) = p**2 - 11*p. Suppose 6*q + 3 = 3*q, g - q = 12. What is n(g)?
0
Suppose 1 = -2*b + 5*c + 30, 0 = -4*b + 5*c + 73. Let p = b - 21. Let w(t) = -4*t**2 + t - 1. What is w(p)?
-4
Let q(r) = r**3 - 5*r**2 - 2*r - 55 + 32 + 33 + 6*r**2 + 6*r**2. Give q(-8).
-38
Let x(q) = -8*q**3 - 13 - 4*q**2 + 12 + 9*q**3. Calculate x(4).
-1
Let a(b) = 7*b**2 + b - 1. Suppose -10*c - 9 - 1 = 0. Calculate a(c).
5
Let k(a) = 52 + 12*a - 9*a**2 - 19 + a**3 - 62. Give k(8).
3
Let a(g) be the first derivative of -g**3/6 - 3*g**2/2 - 9*g + 1. Let f(s) be the first derivative of a(s). Determine f(-8).
5
Let v(u) = -u**3 - 3*u**2 - 2*u - 3. Suppose 0 = 3*i + 6, 2*t + 5 = -3*i - 7. What is v(t)?
3
Suppose -2*o - 20 = 4*y, -11 = o - 2*y - 1. Let i = 8 + o. Let j be (i - -1)*0/1. Let s(w) = -w**3 + w + 8. Calculate s(j).
8
Let y be (31 + -1)/(57 - 59). Let b(q) = q + 12. Determine b(y).
-3
Suppose 7*a - 2*a - 30 = 0. Suppose a*s = -4*s + 70. Let f(y) = -y**2 + 8*y - 4. Give f(s).
3
Let f(t) be the second derivative of 2*t**2 - 1/12*t**4 + 0*t**3 - 4*t + 0. What is f(-3)?
-5
Suppose -7*c = -11*c + 8. Let v(s) = 0*s**2 + 5 - 2 + 7*s + 7 - s**c. Give v(8).
2
Let x(b) = 15*b**3 + 4*b**2 + b + 4. Let l(t) be the second derivative of -t**5/20 + t**4/12 + t**2/2 + 6*t. Let q(c) = -4*l(c) + x(c). Calculate q(-1).
-20
Let q(v) = -3*v**3 + 6*v**2 - 2*v + 3. Suppose -2*i + 6 = 0, -2*w - 6 = -0*w + 2*i. Let c(d) = d**3 - d**2 + d. Let o(m) = w*c(m) - q(m). Give o(-2).
29
Suppose -77 + 21 = -2*s. Let l = s - 29. Let y(n) = -4*n**2 - 2*n - 1. What is y(l)?
-3
Let q(j) be the first derivative of -j**4/4 - 2*j**3 - 7*j**2/2 - j - 162. Give q(-5).
9
Let p be -56 + (-2)/((-6)/(-9)). Let r = -59 - p. Let z(h) be the second derivative of h**3/6 + 3*h**2/2 - h. Give z(r).
3
Let d = -2 - -1. Let y(n) be the first derivative of -n**5/15 + n**3/3 + 5. Let c(z) be the third derivative of y(z). Determine c(d).
8
Let i(f) be the first derivative of -f**4/4 - 5*f**3/3 - 5*f**2/2 - 4*f + 141. Determine i(-4).
0
Let o = -359 + 356. Let q(z) = z**3 + 4*z**2 + 2*z + 2. Determine q(o).
5
Let s be 1*3/(-6)*-2. Suppose -38*t + s = -39*t. Let w(o) = -4*o**2 - 2*o - 1. Calculate w(t).
-3
Let z = -281 + 282. Let i(a) be the first derivative of -2*a**2 + 4. What is i(z)?
-4
Let r = 100 - 38. Suppose r = 5*q - 3. Let p(x) = -28*x**2 + 14*x**2 + q*x**2 - 2*x + 2. Give p(-3).
-1
Let b = 47 - 32. Let v(w) = -2*w + 1 + 6*w - 3*w - b*w**2. Let m be (-4)/18 - (-7)/(-9). Calculate v(m).
-15
Let q